te k(-5).
26
Let s(m) = -3*m**2 - 3*m - 6. Determine s(-5).
-66
Let h(q) = q + 18. Determine h(-16).
2
Let y(b) = -b**3 - 8*b**2 + 5*b + 27. Calculate y(-8).
-13
Let z(t) = 2*t - 12. Give z(8).
4
Let q(o) = -7*o**2 + o + 1. Determine q(-1).
-7
Let r(s) = -3*s - 1. Calculate r(3).
-10
Let n(t) = -5*t**2 + 22*t - 8. Give n(6).
-56
Let m(k) = 3*k**3 - 62*k**2 - 19*k - 48. Determine m(21).
-6
Let n(v) = -v**3 + 14*v**2 - 23*v + 3. Determine n(12).
15
Let p(h) = 68*h - 407. Give p(6).
1
Let a(n) = -2*n**3 - 5*n**2 + 3*n - 3. Calculate a(-3).
-3
Let t(v) = v**2 + 12*v - 22. What is t(-11)?
-33
Let u(f) = -17*f - 1. What is u(1)?
-18
Let y(z) = 4*z + 66. What is y(-18)?
-6
Let c(f) = -15*f + 9. Give c(1).
-6
Let q(w) = -w**2 + w + 27. What is q(-6)?
-15
Let u(i) = 14*i - 67. Calculate u(2).
-39
Let l(n) = n**2 + 18*n + 2. Determine l(-18).
2
Let z(i) = i**3 + 5*i**2 + 5*i + 4. Determine z(-4).
0
Let c(f) = -f**3 - 4*f**2 - 16. What is c(-5)?
9
Let i(h) = 2*h**2 - 23*h + 27. What is i(10)?
-3
Let u(t) = t**3 - 6*t**2 + 4*t + 4. Determine u(5).
-1
Let a(m) = -3*m - 53. Give a(-16).
-5
Let x(o) = 108*o + 9. Give x(-1).
-99
Let n(s) = s**2 + 31*s - 218. Determine n(-37).
4
Let x(v) = -v**3 + 3*v**2 + v + 3. What is x(3)?
6
Let i(j) = -j - 8. Give i(-4).
-4
Let l(n) = -2*n + 16. Give l(20).
-24
Let g(p) = 51*p - 606. What is g(12)?
6
Let q(r) = -10*r**3 + 3*r**2 - 2*r + 2. Give q(2).
-70
Let u(z) = -z**2 - 3*z - 4. Determine u(-7).
-32
Let k(g) = g**2 + 28*g - 25. What is k(-29)?
4
Let b(u) = 7*u - 6. Determine b(4).
22
Let o(f) = 11*f**3 + f**2 - 2*f - 1. Determine o(2).
87
Let u(v) = -v**2 + 7*v + 5. What is u(8)?
-3
Let i(c) = 6*c + 16. What is i(-9)?
-38
Let r(o) = -o**2 - 2*o + 3. Give r(4).
-21
Let t(v) = 7*v + 2. Determine t(1).
9
Let v(t) = t**3 + 5*t**2 - 5*t + 10. Give v(-6).
4
Let g(y) = 14*y + 40. What is g(-3)?
-2
Let o(y) = -5*y - 9. Calculate o(-6).
21
Let g(o) = 5*o**3 - 2*o**2 + 8*o - 12. Determine g(2).
36
Let m(g) = -6*g - 42. What is m(-8)?
6
Let v(q) = 5*q**2 + 2*q + 1. What is v(-1)?
4
Let r(o) = 2*o - 6. What is r(6)?
6
Let h(k) = k**3 + 7*k**2 + 3*k + 7. Give h(-6).
25
Let z(r) = 2*r**2 + 16*r + 6. Determine z(-7).
-8
Let z(j) = j**2 + 4*j + 28. Calculate z(-4).
28
Let m(i) = 2*i**2 + 26*i + 23. Calculate m(-12).
-1
Let x(s) = 11*s + 17. Determine x(-4).
-27
Let w(a) = a**2 - a - 37. Give w(0).
-37
Let i(t) = -t**2 + 5*t + 33. Calculate i(-5).
-17
Let x(m) = m**3 - 13*m**2 - 8*m - 2. Determine x(-3).
-122
Let p(g) = -9*g**2 - 6*g - 4. Give p(-1).
-7
Let j(m) = m**3 + 6*m**2 + 11*m + 26. Determine j(-5).
-4
Let y(l) = 14*l**2 + 3*l + 2. What is y(-1)?
13
Let q(h) = -h + 23. What is q(13)?
10
Let j(w) = -w**3 + 3*w**2 - 4*w + 5. What is j(5)?
-65
Let z(b) = 11*b**3 - 2*b**2 + b. Calculate z(1).
10
Let i(g) = g**3 - g**2 - 4*g + 13. Determine i(4).
45
Let u(g) = -5*g + 13. Give u(14).
-57
Let t(z) = 9*z - 5. Calculate t(2).
13
Let s(k) = -4*k**3 + k**2 - 2*k + 1. What is s(1)?
-4
Let v(d) = -6*d**2 - d + 12. Give v(2).
-14
Let g(q) = q**2 - 43. Determine g(7).
6
Let j(x) = x**3 + x**2 - 7*x - 3. What is j(3)?
12
Let x(k) = -3*k**2 - 5*k. Calculate x(-1).
2
Let i(w) = w - 2. Calculate i(-1).
-3
Let c(l) = l**3 + l**2 - 2*l - 2. What is c(-1)?
0
Let u(r) = r**2 + 6*r + 10. Give u(-5).
5
Let n(m) = m**2 - 3*m + 3. Calculate n(1).
1
Let k(m) = -53*m - 17. Determine k(-2).
89
Let r(a) = 2*a**2 + 13*a + 33. What is r(-8)?
57
Let a(v) = 2*v**2 - 6*v + 3. Calculate a(2).
-1
Let v(g) = 2*g**3 - 4*g**2 + 3*g - 2. Calculate v(2).
4
Let f(x) = 5*x - 67. What is f(12)?
-7
Let w(a) = a**2 - 20*a - 25. Determine w(25).
100
Let i(x) = -5*x + 15. Calculate i(5).
-10
Let s(p) = -13*p - 32. Determine s(8).
-136
Let u(m) = 4*m - 6. Determine u(0).
-6
Let n(m) = 3*m - 1. Determine n(-2).
-7
Let k(f) = -f**2 + 4*f + 6. Calculate k(-3).
-15
Let l(j) = j**3 + 12*j**2 - 3*j - 55. Give l(-12).
-19
Let p(n) = 9*n**2 - 89*n - 13. Give p(10).
-3
Let s(f) = -f**3 - 11*f**2 + 11*f + 5. Determine s(-12).
17
Let p(n) = n**3 - 19*n**2 + 34*n + 30. Determine p(17).
30
Let v(q) = 14*q**3 - q**2 + q - 1. Give v(1).
13
Let d(w) = w**3 + 2*w + 2. Calculate d(-1).
-1
Let y(z) = -z**2 - 4*z - 1. Give y(-3).
2
Let m(l) = -2*l**2 - 3*l. Give m(-4).
-20
Let h(g) = g**2 - 5*g - 3. Determine h(4).
-7
Let s(y) = -13*y + 2. Calculate s(2).
-24
Let v(t) = 11*t - 7. Calculate v(2).
15
Let r(i) = 3*i**2 + 4*i + 1. What is r(-3)?
16
Let l(w) = w**3 - 6*w**2 - 5*w + 20. What is l(6)?
-10
Let c(a) = a**2 - 13*a + 12. Determine c(7).
-30
Let j(b) = b**2 - 24*b + 54. Calculate j(22).
10
Let w(s) = -s**2 - 12*s - 21. Give w(-9).
6
Let p(c) = -c**3 - 13*c**2 - 12*c - 5. Give p(-12).
-5
Let q(g) = -3*g**2 - 20*g + 16. Give q(-6).
28
Let u(p) = -87*p - 159. What is u(-2)?
15
Let q(n) = -21*n**3 + n**2 + n - 1. Calculate q(1).
-20
Let w(f) = -2*f**2 - f + 85. Determine w(-7).
-6
Let i(j) = j**2 - 11. Calculate i(5).
14
Let a(o) = -6*o**2 + 90*o - 87. Determine a(14).
-3
Let d(b) = -17*b - 16. Calculate d(-5).
69
Let t(d) = 2*d**2 + 6*d + 4. Determine t(-4).
12
Let f(v) = v**3 + 6*v**2 - 27*v + 9. What is f(-9)?
9
Let g(r) = 2*r**2 + 11*r + 8. What is g(-5)?
3
Let c(p) = p**2 - 15*p - 11. Calculate c(12).
-47
Let m(j) = 66*j**2 + 4*j + 1. Calculate m(-1).
63
Let y(o) = o**3 + 15*o**2 + 12*o - 25. Calculate y(-14).
3
Let y(a) = -2*a**3 - a**2 + a - 1. Calculate y(2).
-19
Let k(w) = w**2 - 6*w. Determine k(6).
0
Let m(p) = p**3 + 6*p**2 + 4*p - 7. What is m(-6)?
-31
Let n(j) = j**2 - 14*j - 5. Give n(14).
-5
Let y(i) = -41*i - 237. What is y(-7)?
50
Let v(d) = 73*d**3 - 2*d**2 + 2*d - 1. Determine v(1).
72
Let v(l) = -l**3 - 3*l**2 + 3*l - 17. Determine v(-5).
18
Let f(s) = 2*s**2 - 4*s - 102. What is f(-6)?
-6
Let p(k) = 4*k - 18. Give p(6).
6
Let x(m) = 4*m - 10. Determine x(-6).
-34
Let n(s) = 5*s + 1. What is n(1)?
6
Let z(y) = y**2 + 2*y - 4. Determine z(-5).
11
Let h(p) = p**2 + p - 9. What is h(-4)?
3
Let k(i) = -4*i + 43. What is k(13)?
-9
Let n(p) = -4*p + 29. Calculate n(19).
-47
Let k(d) = -3*d - 20. Give k(-9).
7
Let w(i) = i**3 + 20*i**2 - 21*i + 3. Determine w(-21).
3
Let s(c) = c**2 - 15*c + 14. Determine s(12).
-22
Let t(h) = -h**2 + 13*h - 50. Calculate t(6).
-8
Let s(w) = -w**3 + 8*w**2 - 7*w + 1. What is s(7)?
1
Let w(t) = -t - 15. What is w(-6)?
-9
Let y(n) = n**3 + 8*n**2 - n - 53. Calculate y(-6).
25
Let p(m) = -m**3 + 7*m**2 - 6*m - 7. What is p(5)?
13
Let r(c) = c**3 + 8*c**2 - 3*c + 7. What is r(-8)?
31
Let h(n) = -2*n**2 + n + 1. Calculate h(3).
-14
Let j(f) = 2*f**2 + 48*f + 3. What is j(-25)?
53
Let m(z) = z + 3. What is m(0)?
3
Let l(g) = g**3 + 107*g**2 + 112*g + 631. Determine l(-106).
-5
Let j(w) = 10*w**2 + 71*w + 3. What is j(-7)?
-4
Let k(q) = q**3 - 9*q**2 + 7*q - 40. Give k(9).
23
Let r(f) = -f**3 + 6*f**2 - 4*f + 9. Calculate r(6).
-15
Let g(u) = u - 1. Give g(5).
4
Let h(r) = r**3 - r**2 - r - 38. What is h(0)?
-38
Let y(q) = -q**3 - 18*q**2 - 16*q + 8. Calculate y(-17).
-9
Let r(t) = -3*t**2 + 11*t + 16. Determine r(6).
-26
Let a(j) = j**3 - 5*j**2 + 5*j + 3. Determine a(5).
28
Let o(z) = -z**2 + 8*z - 1. What is o(6)?
11
Let p(j) = -j - 27. Give p(-18).
-9
Let x(a) = -2*a**3 + 25*a**2 - 13*a + 10. Give x(12).
-2
Let i(m) = m**3 - 35*m**2 - m + 17. Give i(35).
-18
Let r(y) = -y**2 - 2*y - 10. Give r(-3).
-13
Let b(u) = 4*u + 4. Give b(6).
28
Let g(k) = k**3 - 9*k**2 - 5*k + 19. What is g(9)?
-26
Let b(o) = -2*o**3 + 45*o**2 + 25*o - 26. Give b(23).
20
Let q(v) = -v**3 + 8*v**2 - 15*v + 1. Give q(3).
1
Let q(y) = y**2 + 17*y - 24. Give q(-16).
-40
Let q(k) = -9*k + 1. Calculate q(-5).
46
Let z(v) = -14*v - 30. Give z(6).
-114
Let s(d) = 2*d**3 + 2*d**2 + d. Determine s(-2).
-10
Let d(i) = -i**2 - 4*i - 7. What is d(-5)?
-12
Let b(g) = 10*g - 9. Calculate b(2).
11
Let t(h) = 2*h**3 + 15*h**2 + 7*h + 1. Determine t(-6).
67
Let i(t) = -5*t - 2. Determine i(2).
-12
Let o(m) = m**3 + 14*m**2 - m - 13. What is o(-14)?
1
Let w(z) = -z**3 + 4*z**2 - z + 4. What is w(3)?
10
Let q(t) = -5*t**2 - 47*t + 5. Determine q(-9).
23
Let l(k) = -97*k + 489. What is l(5)?
4
Let r(g) = g**3 - 7*g**2 + 4*g + 7. Determine r(6).
-5
Let v(a) = 11*a - 14. Determine v(5).
41
Let m(h) = 2*h**2 + 5*h - 3. Give m(-5).
22
Let a(v) = v**2 + 7*v - 46. Calculate a(-11).
-2
Let y(j) = j**